List the prime factors of 509222830.
2, 5, 313, 162691
List the prime factors of 47352615.
3, 5, 3156841
What are the prime factors of 154731253?
41, 419, 9007
What are the prime factors of 261519612?
2, 3, 21793301
List the prime factors of 172206000.
2, 3, 5, 1063
List the prime factors of 2446237099.
19, 128749321
List the prime factors of 598711077.
3, 66523453
What are the prime factors of 604915660?
2, 5, 439, 68897
List the prime factors of 126577376.
2, 17, 13687
What are the prime factors of 16884078?
2, 3, 2814013
List the prime factors of 116637236.
2, 883, 33023
List the prime factors of 47850813.
3, 41, 103, 1259
What are the prime factors of 2734870347?
3, 11, 439, 62927
List the prime factors of 1231756695.
3, 5, 13, 2105567
List the prime factors of 17808420.
2, 3, 5, 7, 109, 389
List the prime factors of 506524159.
31, 149, 109661
What are the prime factors of 177652247?
677, 262411
What are the prime factors of 109185792?
2, 3, 142169
List the prime factors of 199193621.
11, 41, 443, 997
List the prime factors of 1389924943.
11, 37, 310459
What are the prime factors of 696996312?
2, 3, 31, 223, 4201
What are the prime factors of 1844198416?
2, 73, 523, 3019
What are the prime factors of 2166538979?
11, 10781, 18269
List the prime factors of 134124265.
5, 11, 83, 2671
What are the prime factors of 3035551923?
3, 112427849
List the prime factors of 64827337.
64827337
What are the prime factors of 136654049?
7, 2113, 9239
What are the prime factors of 1664080947?
3, 184897883
List the prime factors of 48867970.
2, 5, 107, 109, 419
What are the prime factors of 905335363?
1889, 479267
What are the prime factors of 5695026065?
5, 1139005213
What are the prime factors of 20321149?
20321149
List the prime factors of 140120378.
2, 1721, 40709
List the prime factors of 4549682049.
3, 11, 23, 113, 53047
List the prime factors of 7228934735.
5, 11, 17, 53, 8581
What are the prime factors of 2372535609?
3, 28081, 28163
List the prime factors of 71685190.
2, 5, 1297, 5527
List the prime factors of 7316954782.
2, 11113, 329207
List the prime factors of 1511233441.
47, 67, 479909
List the prime factors of 4968407347.
41, 121180667
What are the prime factors of 47822146?
2, 149, 383, 419
What are the prime factors of 22163112?
2, 3, 102607
What are the prime factors of 54552817?
11, 89, 103, 541
What are the prime factors of 54713013?
3, 53, 101, 3407
What are the prime factors of 204888620?
2, 5, 2549, 4019
List the prime factors of 4802890896.
2, 3, 47, 236549
What are the prime factors of 252922045?
5, 349, 144941
List the prime factors of 3460582326.
2, 3, 947, 609043
List the prime factors of 7108562962.
2, 59, 1511, 39869
List the prime factors of 13118199.
3, 4372733
List the prime factors of 536568406.
2, 11, 103, 107, 2213
What are the prime factors of 67207682?
2, 2621, 12821
List the prime factors of 214104069.
3, 17, 1399373
What are the prime factors of 256683494?
2, 179, 601, 1193
What are the prime factors of 551125495?
5, 19, 587, 9883
List the prime factors of 101206203.
3, 7, 53, 90931
List the prime factors of 30627938.
2, 11, 31, 44909
List the prime factors of 49904752.
2, 659, 4733
List the prime factors of 71499767.
97, 737111
What are the prime factors of 171636892?
2, 7, 863, 7103
What are the prime factors of 39925235?
5, 7, 1140721
What are the prime factors of 81847358?
2, 701, 58379
What are the prime factors of 112121612?
2, 28030403
What are the prime factors of 2156528571?
3, 379, 1896683
What are the prime factors of 205624423?
205624423
What are the prime factors of 8267803731?
3, 11, 9279241
What are the prime factors of 2722856256?
2, 3, 19, 239, 347
List the prime factors of 127502544.
2, 3, 13, 204331
What are the prime factors of 2589087420?
2, 3, 5, 17, 71, 701
List the prime factors of 4352964637.
7, 12690859
What are the prime factors of 8289891640?
2, 5, 207247291
List the prime factors of 2801708902.
2, 17, 73, 1128811
What are the prime factors of 4645541663?
7, 293, 311, 7283
List the prime factors of 801029501.
673, 1190237
What are the prime factors of 116843475?
3, 5, 7, 457, 487
List the prime factors of 388779600.
2, 3, 5, 11, 29453
What are the prime factors of 2136208244?
2, 534052061
What are the prime factors of 199446242?
2, 71, 673, 2087
What are the prime factors of 88871215?
5, 137, 947
List the prime factors of 279790818.
2, 3, 37, 1260319
List the prime factors of 1910260303.
7, 272894329
List the prime factors of 1451244311.
11, 1901, 69401
What are the prime factors of 293655543?
3, 223, 263, 1669
What are the prime factors of 38871379?
181, 214759
List the prime factors of 50410711.
13, 223, 17389
What are the prime factors of 64568284?
2, 11, 43, 34127
List the prime factors of 57723686.
2, 28861843
What are the prime factors of 161083747?
11, 59, 248203
What are the prime factors of 22117445?
5, 7, 631927
List the prime factors of 2850078082.
2, 5981, 238261
List the prime factors of 679273041.
3, 439, 515773
What are the prime factors of 29806749?
3, 7, 67589
List the prime factors of 208047406.
2, 7, 14860529
List the prime factors of 3812434949.
19, 200654471
What are the prime factors of 130118586?
2, 3, 13, 257, 6491
List the prime factors of 69059592.
2, 3, 7, 263, 521
What are the prime factors of 127644605?
5, 11, 2320811
List the prime factors of 23517446.
2, 101, 116423
List the prime factors of 32922402.
2, 3, 19, 107, 2699
What are the prime factors of 142994813?
13, 10999601
List the prime factors of 1680807427.
13, 129292879
List the prime factors of 108001731.
3, 17, 401, 5281
List the prime factors of 41617328.
2, 2601083
What are the prime factors of 747978040?
2, 5, 1637, 11423
List the prime factors of 156579934.
2, 7, 197, 56773
List the prime factors of 55538040.
2, 3, 5, 181, 2557
What are the prime factors of 83938876?
2, 7, 29, 167, 619
What are the prime factors of 31902650?
2, 5, 13, 49081
List the prime factors of 1978587353.
1978587353
List the prime factors of 4008313464.
2, 3, 167013061
List the prime factors of 218300876.
2, 17, 3210307
What are the prime factors of 85724030?
2, 5, 7, 17, 41, 251
What are the prime factors of 7350397022?
2, 47, 78195713
List the prime factors of 205257560.
2, 5, 5131439
List the prime factors of 38481069.
3, 11, 1166093
List the prime factors of 20782202.
2, 7, 23, 233, 277
List the prime factors of 305009621.
7, 43, 1013321
What are the prime factors of 434191453?
103, 4215451
List the prime factors of 136207054.
2, 109, 624803
List the prime factors of 1232117510.
2, 5, 13, 19, 498833
What are the prime factors of 69707367?
3, 7745263
What are the prime factors of 1542154717?
1542154717
List the prime factors of 2324434730.
2, 5, 19, 41, 229, 1303
List the prime factors of 6792691916.
2, 37, 601, 76367
What are the prime factors of 138814852?
2, 11, 139, 22697
List the prime factors of 162713132.
2, 23, 421, 4201
What are the prime factors of 265576474?
2, 132788237
What are the prime factors of 219377197?
13, 17, 23, 43159
List the prime factors of 868188436.
2, 17, 12767477
What are the prime factors of 83075524?
2, 7, 19, 156157
What are the prime factors of 4301279597?
42649, 100853
List the prime factors of 449257784.
2, 56157223
What are the prime factors of 403101484?
2, 17, 2017, 2939
What are the prime factors of 418518045?
3, 5, 11, 845491
List the prime factors of 872578340.
2, 5, 167, 261251
List the prime factors of 373768268.
2, 1597, 58511
List the prime factors of 50305447.
50305447
What are the prime factors of 1388165312?
2, 21690083
What are the prime factors of 3062708016?
2, 3, 63806417
List the prime factors of 1238534609.
13, 17, 5604229
What are the prime factors of 53115776?
2, 7, 59281
List the prime factors of 92834961.
3, 37, 836351
List the prime factors of 17249135.
5, 17, 202931
List the prime factors of 583182377.
12269, 47533
What are the prime factors of 43512000?
2, 3, 5, 7, 37
What are the prime factors of 21629239?
19, 313, 3637
What are the prime factors of 47564217?
3, 1579, 3347
List the prime factors of 90408026.
2, 2221, 20353
List the prime factors of 514992050.
2, 5, 17, 605873
What are the prime factors of 273040760?
2, 5, 37, 184487
List the prime factors of 15